rs of 3335233?
11, 193, 1571
List the prime factors of 1285699.
1285699
What are the prime factors of 23513?
7, 3359
What are the prime factors of 8267660?
2, 5, 19, 21757
List the prime factors of 1933430.
2, 5, 29, 59, 113
List the prime factors of 330428.
2, 7, 11801
List the prime factors of 218148.
2, 3, 7, 53
What are the prime factors of 127241?
127241
List the prime factors of 17305.
5, 3461
List the prime factors of 555131.
59, 97
List the prime factors of 3793774.
2, 1896887
What are the prime factors of 24519460?
2, 5, 7, 43, 4073
List the prime factors of 10730751.
3, 53, 67489
List the prime factors of 194391.
3, 21599
List the prime factors of 3302778.
2, 3, 71, 7753
What are the prime factors of 8549?
83, 103
What are the prime factors of 38915?
5, 43, 181
What are the prime factors of 28160533?
23, 439, 2789
List the prime factors of 280172.
2, 89, 787
List the prime factors of 27460.
2, 5, 1373
List the prime factors of 136721.
13, 809
What are the prime factors of 6049493?
229, 26417
What are the prime factors of 24235525?
5, 969421
What are the prime factors of 607705?
5, 7, 97, 179
List the prime factors of 13352498.
2, 401, 16649
What are the prime factors of 25492954?
2, 353, 36109
What are the prime factors of 13134027?
3, 4378009
List the prime factors of 417561.
3, 139187
What are the prime factors of 135132?
2, 3, 11261
What are the prime factors of 13463744?
2, 7, 41, 733
List the prime factors of 24780192.
2, 3, 258127
What are the prime factors of 180285?
3, 5, 7, 17, 101
List the prime factors of 471794.
2, 419, 563
What are the prime factors of 27044949?
3, 9014983
List the prime factors of 3200117.
3200117
What are the prime factors of 557337?
3, 11, 16889
What are the prime factors of 289232?
2, 18077
What are the prime factors of 464884?
2, 7, 16603
What are the prime factors of 18070175?
5, 722807
List the prime factors of 14751089.
14751089
What are the prime factors of 5901242?
2, 359, 8219
List the prime factors of 11746.
2, 7, 839
List the prime factors of 411058.
2, 205529
List the prime factors of 2174656.
2, 11, 3089
List the prime factors of 8658678.
2, 3, 7, 17, 67, 181
What are the prime factors of 15556186?
2, 191, 193, 211
What are the prime factors of 9127369?
61, 149629
List the prime factors of 683248.
2, 42703
What are the prime factors of 1620149?
19, 71, 1201
List the prime factors of 336000.
2, 3, 5, 7
What are the prime factors of 802170?
2, 3, 5, 2971
What are the prime factors of 236805?
3, 5, 15787
What are the prime factors of 248974?
2, 11, 11317
What are the prime factors of 152570?
2, 5, 11, 19, 73
What are the prime factors of 1969580?
2, 5, 98479
List the prime factors of 179299.
17, 53, 199
List the prime factors of 215533.
23, 9371
List the prime factors of 270592.
2, 7, 151
What are the prime factors of 19690068?
2, 3, 37, 61, 727
What are the prime factors of 445293?
3, 49477
List the prime factors of 2362454.
2, 71, 127, 131
What are the prime factors of 5886343?
1861, 3163
What are the prime factors of 1041571?
1041571
List the prime factors of 5151977.
23, 223999
What are the prime factors of 12020549?
12020549
What are the prime factors of 267863?
267863
What are the prime factors of 13111192?
2, 1638899
List the prime factors of 226274.
2, 23, 4919
List the prime factors of 5761016.
2, 720127
List the prime factors of 4255598.
2, 23, 71, 1303
List the prime factors of 585409.
11, 19, 2801
List the prime factors of 2082.
2, 3, 347
List the prime factors of 799733.
11, 23, 29, 109
List the prime factors of 5902142.
2, 2951071
What are the prime factors of 1074420?
2, 3, 5, 47, 127
What are the prime factors of 2856099?
3, 19, 89, 563
What are the prime factors of 2861202?
2, 3, 17, 28051
What are the prime factors of 1359959?
1359959
List the prime factors of 4872580.
2, 5, 29, 31, 271
List the prime factors of 1106894.
2, 553447
List the prime factors of 1176893.
17, 107, 647
List the prime factors of 21239610.
2, 3, 5, 7, 101141
What are the prime factors of 6480555?
3, 5, 432037
List the prime factors of 810219.
3, 270073
What are the prime factors of 6544102?
2, 3272051
List the prime factors of 300157.
11, 13, 2099
List the prime factors of 2750814.
2, 3, 11, 421
List the prime factors of 156548.
2, 7, 5591
List the prime factors of 935691.
3, 311897
What are the prime factors of 186884?
2, 19, 2459
List the prime factors of 69770.
2, 5, 6977
What are the prime factors of 15010499?
7, 103, 109, 191
What are the prime factors of 100495?
5, 101, 199
List the prime factors of 208640.
2, 5, 163
What are the prime factors of 979875?
3, 5, 13, 67
List the prime factors of 908508.
2, 3, 75709
List the prime factors of 2271809.
347, 6547
What are the prime factors of 235076?
2, 17, 3457
List the prime factors of 824798.
2, 13, 31723
What are the prime factors of 749540?
2, 5, 11, 3407
List the prime factors of 12988543.
12988543
What are the prime factors of 692592?
2, 3, 47, 307
List the prime factors of 2755823.
7, 73, 5393
List the prime factors of 18130231.
7, 2590033
List the prime factors of 635049.
3, 41, 1721
List the prime factors of 383034.
2, 3, 63839
List the prime factors of 4734888.
2, 3, 29, 6803
List the prime factors of 2582679.
3, 11, 61, 1283
List the prime factors of 1295533.
1295533
List the prime factors of 1326305.
5, 265261
List the prime factors of 192689.
7, 27527
What are the prime factors of 331607?
19, 31, 563
List the prime factors of 3234665.
5, 7, 92419
List the prime factors of 1711593.
3, 13, 14629
List the prime factors of 311127.
3, 137, 757
List the prime factors of 2330784.
2, 3, 8093
What are the prime factors of 2132702?
2, 11, 13, 7457
What are the prime factors of 1356137?
83, 16339
What are the prime factors of 4070407?
11, 37, 73, 137
List the prime factors of 143529.
3, 47843
List the prime factors of 10195505.
5, 241, 8461
What are the prime factors of 29111829?
3, 109, 127, 701
What are the prime factors of 1223126?
2, 283, 2161
What are the prime factors of 291448?
2, 17, 2143
List the prime factors of 533564.
2, 133391
What are the prime factors of 270408?
2, 3, 19, 593
What are the prime factors of 1217601?
3, 7, 11, 251
List the prime factors of 2553373.
71, 35963
What are the prime factors of 5118992?
2, 319937
List the prime factors of 238317.
3, 19, 37, 113
What are the prime factors of 5437190?
2, 5, 11, 49429
List the prime factors of 7417330.
2, 5, 29, 25577
List the prime factors of 50979.
3, 16993
What are the prime factors of 7578473?
7, 19, 2999
List the prime factors of 93214.
2, 11, 19, 223
List the prime factors of 10811025.
3, 5, 48049
What are the prime factors of 1923369?
3, 7, 67, 1367
What are the prime factors of 1154107?
157, 7351
What are the prime factors of 2736723?
3, 11, 127, 653
List the prime factors of 175964.
2, 43991
What are the prime factors of 4542747?
3, 11, 137659
List the prime factors of 782802.
2, 3, 157, 277
List the prime factors of 3928030.
2, 5, 392803
List the prime factors of 2922671.
89, 32839
List the prime factors of 258165.
3, 5, 5737
List the prime factors of 33538.
2, 41, 409
What are the prime factors of 127496?
2, 15937
List the prime factors of 108943.
108943
What are the prime factors of 590186?
2, 269, 1097
What are the prime factors of 1748398?
2, 37, 23627
What are the prime factors of 3021363?
3, 389, 863
List the prime factors of 384970.
2, 5, 137, 281
List the prime factors of 5215182.
2, 3, 7, 124171
List the prime factors of 4561977.
3, 7, 109, 1993
What are the prime factors of 61254?
2, 3, 41, 83
What are the prime factors of 16388230?
2, 5, 239, 6857
What are the prime factors of 14860336?
2, 928771
What are the prime factors of 1075021?
1075021
List the prime factors of 130802.
2, 7, 9343
What are the prime factors of 9069399?
3, 1007711
List the prime factors of 3932562.
2, 3, 439, 1493
List the prime factors of 244507.
244507
List the prime factors of 329864.
2, 41233
What are the prime factors of 370217?
370217
List the prime factors of 166697.
89, 1873
What are the prime factors of 4400417?
7, 149, 4219
What are the prime factors of 7973572?
2, 31, 64303
List the prime factors of 362944.
2, 53, 107
List the prime factors of 11338569.
3, 11, 38177
What a